.
0
Let s(i) = -i**3 + 22*i**2 - 14*i - 817. Calculate s(19).
0
Let k(c) = 2*c**3 + 54*c**2 + 253*c + 14. Determine k(-6).
8
Let m(p) = -p**2 + p + 22. Give m(10).
-68
Let l(u) = -8*u**2 + 202*u - 912. Give l(19).
38
Let b(i) = -8*i + 187. What is b(22)?
11
Let i(y) = -6*y**2 + 117*y + 256. What is i(-2)?
-2
Let m(o) = -o**3 - 35*o**2 - 48*o - 3056. Determine m(-36).
-32
Let d(w) = w**3 - w**2 - 49*w + 42. Calculate d(0).
42
Let m(b) = 26*b - 1102. Calculate m(41).
-36
Let c(s) = -24*s**3 + 314*s**2 - 37*s + 146. What is c(13)?
3
Let g(l) = -13*l**2 + 98*l + 2. Determine g(9).
-169
Let c(i) = 32*i - 669. Determine c(21).
3
Let m(f) = -3*f**3 + 45*f**2 + 3*f - 19. Determine m(15).
26
Let z(u) = u**3 + 172*u**2 + 1635*u + 2445. What is z(-162)?
15
Let n(k) = -3*k**2 + 948*k + 11816. What is n(-12)?
8
Let t(g) = g**2 - 123*g + 2378. Calculate t(99).
2
Let h(c) = 16*c**2 + 84*c - 287. Calculate h(3).
109
Let l(a) = 2*a**2 + 102*a - 1736. Give l(20).
1104
Let s(v) = 1628*v - 11403. What is s(7)?
-7
Let y(t) = -t**3 + 27*t**2 - 89*t - 36. What is y(23)?
33
Let a(r) = 142*r**3 - r**2 + r + 1. Calculate a(1).
143
Let i(x) = x**3 + 33*x**2 + 46*x + 450. What is i(-32)?
2
Let q(m) = 63*m**2 - 12*m - 9. Determine q(-1).
66
Let m(k) = -k**2 + 69*k - 622. Calculate m(58).
16
Let l(y) = 30*y**2 - 23*y - 5. Give l(2).
69
Let u(w) = w**3 + 18*w**2 + 16*w + 684. Determine u(-19).
19
Let d(t) = 19*t - 131. Calculate d(8).
21
Let k(i) = 10*i**2 - 224*i + 36. Calculate k(22).
-52
Let h(l) = 8*l**2 - 1031*l + 3094. Give h(3).
73
Let x(d) = 34*d**2 + 4041*d - 602. What is x(-119)?
-7
Let y(x) = -1137*x - 68250. Give y(-60).
-30
Let u(m) = 20*m - 411. What is u(20)?
-11
Let j(f) = 11*f**3 - 3*f**2 + 26*f - 23. What is j(1)?
11
Let k(f) = 22*f - 235. What is k(9)?
-37
Let x(o) = -4*o**2 + 129*o - 95. What is x(31)?
60
Let r(k) = -23*k - 329. Determine r(-11).
-76
Let v(m) = 2*m**2 - 106*m + 599. What is v(5)?
119
Let a(d) = -36*d**2 - 160*d - 41. Determine a(-4).
23
Let c(r) = -4*r**3 - 2*r - 4. Calculate c(2).
-40
Let o(x) = 2*x**3 + 20*x**2 - 48*x - 6. Determine o(-12).
-6
Let f(y) = -y**2 - 226*y - 5883. Determine f(-31).
162
Let f(p) = 5*p**2 - 161*p + 189. Calculate f(31).
3
Let a(v) = -v**2 + 16*v + 659. What is a(-19)?
-6
Let q(h) = 2997*h + 110893. Calculate q(-37).
4
Let o(h) = -1535*h - 24552. What is o(-16)?
8
Let k(o) = -2*o**3 + 171*o**2 + 333*o - 6257. Give k(87).
7
Let a(b) = -b**2 - 28*b - 200. Give a(-13).
-5
Let w(u) = 390*u - 1091. Determine w(3).
79
Let a(x) = 12*x**2 + 17*x - 1. What is a(0)?
-1
Let v(x) = x**3 + 24*x**2 - 113*x - 16. Determine v(-28).
12
Let z(a) = 218*a**2 + 2*a - 212. Calculate z(0).
-212
Let j(l) = 2*l**2 + 500*l - 7. Calculate j(0).
-7
Let u(r) = r**2 + 46*r + 131. Calculate u(-43).
2
Let k(t) = t**3 - 487*t**2 + 6180*t - 8526. Calculate k(474).
6
Let z(w) = -3*w**2 + 34*w - 71. Calculate z(7).
20
Let x(l) = -l**2 - 20*l + 101. What is x(5)?
-24
Let t(n) = 29*n + 445. What is t(-31)?
-454
Let b(v) = -133*v + 4427. What is b(34)?
-95
Let c(d) = -56*d - 2869. Give c(-50).
-69
Let s(y) = y**3 - 131*y**2 - y + 234. Determine s(131).
103
Let g(y) = -5*y**3 - 30*y**2 + 73*y - 28. What is g(-8)?
28
Let v(o) = 61*o - 174. What is v(5)?
131
Let w(h) = -h**3 - 19*h**2 - 53*h + 17. Calculate w(-15).
-88
Let b(j) = -3*j - 37. Give b(-7).
-16
Let u(p) = 60*p - 2350. Determine u(36).
-190
Let u(x) = 387*x**2 - 1522*x - 83. Give u(4).
21
Let j(v) = 2*v**3 - 44*v**2 - 13*v + 1141. Determine j(21).
-14
Let b(u) = u**2 + 14*u + 46. Determine b(-5).
1
Let w(b) = 2*b**2 - 596*b + 7922. What is w(14)?
-30
Let l(p) = -64*p - 4155. Give l(-64).
-59
Let q(p) = 111*p - 880. Calculate q(0).
-880
Let w(u) = 12*u + 585. Give w(-34).
177
Let b(o) = 1091*o - 74. Calculate b(0).
-74
Let p(k) = k**2 - 8*k - 213. Give p(21).
60
Let q(t) = -t**3 - 10*t**2 + 216. Give q(-12).
504
Let k(j) = -3*j**2 + 39*j + 20. Determine k(7).
146
Let i(a) = 7*a**2 - 50*a + 21. What is i(7)?
14
Let z(q) = -q**3 + 13*q**2 - 7*q + 55. Calculate z(13).
-36
Let d(x) = -4*x**3 + 16*x**2 + x - 12. Determine d(3).
27
Let l(v) = 74*v + 1457. Determine l(-20).
-23
Let z(y) = 13*y + 53. Give z(-3).
14
Let c(h) = h**2 + 190*h + 8492. What is c(-118)?
-4
Let m(i) = i**3 + 4*i**2 - 777*i - 75. Calculate m(26).
3
Let y(m) = 24*m - 512. What is y(39)?
424
Let r(k) = 136*k + 139. Determine r(0).
139
Let u(n) = n**2 + 5*n - 640. Give u(-28).
4
Let o(m) = m**2 - 33*m + 267. Give o(15).
-3
Let j(f) = -5*f**2 - 92*f - 684. Calculate j(-7).
-285
Let v(g) = -2*g**2 - 97*g - 747. Calculate v(-39).
-6
Let k(j) = 7*j**2 - 86*j + 141. Calculate k(7).
-118
Let q(p) = 3*p**3 - 47*p**2 - 20*p + 63. Give q(16).
-1
Let k(y) = -44*y + 1756. Give k(40).
-4
Let o(u) = -79*u + 1529. Determine o(18).
107
Let m(j) = -2*j**2 - 27*j - 106. Determine m(8).
-450
Let z(f) = -39*f - 3075. Calculate z(-80).
45
Let n(m) = 56*m + 56. Calculate n(-4).
-168
Let w(c) = -4*c**3 + 8*c**2 - c - 12. Calculate w(5).
-317
Let y(d) = -d**2 + 6*d - 50. Calculate y(10).
-90
Let l(t) = -t**3 + 71*t**2 - 141*t + 212. What is l(69)?
5
Let z(m) = -254*m + 15. What is z(0)?
15
Let u(z) = -43*z + 636. Determine u(9).
249
Let q(z) = 10*z**2 + 25*z + 43. What is q(-2)?
33
Let q(h) = -2*h**2 - 80*h - 632. Give q(-11).
6
Let f(r) = r**3 - 35*r**2 + 24*r + 339. Give f(34).
-1
Let b(g) = 307*g**2 - 3066*g - 39. Give b(10).
1
Let l(g) = 63*g - 7549. Calculate l(120).
11
Let t(x) = -x**2 - 26*x - 95. Calculate t(-19).
38
Let n(y) = -y**3 - 14*y**2 - 21*y - 296. Give n(-14).
-2
Let u(f) = -78*f - 2990. Calculate u(-40).
130
Let y(v) = -37*v - 720. Determine y(-20).
20
Let s(k) = -2*k**2 + 57*k - 308. Give s(15).
97
Let c(d) = d - 42. Calculate c(31).
-11
Let c(m) = -2*m**2 - 53*m - 113. Calculate c(-22).
85
Let r(f) = -2*f**3 + f**2 - 19*f - 35. What is r(-2)?
23
Let v(y) = y**3 + 39*y**2 + 245*y - 30. Give v(-31).
63
Let w(v) = -23*v + 401. Determine w(17).
10
Let d(v) = -3*v**3 - 9*v**2 + 5*v - 14. Calculate d(-4).
14
Let l(x) = -4*x**3 + 401*x**2 - 493*x - 197. Give l(99).
1
Let y(k) = k**3 + 16*k**2 - 7*k - 2. Give y(1).
8
Let r(b) = -2*b**3 - 8*b**2 + 26*b - 19. What is r(1)?
-3
Let f(v) = v**3 + 27*v**2 + 28*v + 87. Calculate f(-26).
35
Let c(h) = 3*h**3 - 82*h**2 - 241*h + 21. What is c(30)?
-9
Let j(s) = s**2 + 12*s + 4. Give j(-12).
4
Let y(s) = 18*s**2 - 40*s + 7. Give y(2).
-1
Let z(l) = l**3 - 14*l**2 + 16*l + 14. What is z(13)?
53
Let g(p) = -457*p**2 - 29*p + 2. Calculate g(-1).
-426
Let i(z) = -18*z + 67. What is i(4)?
-5
Let w(m) = -256*m - 5385. What is w(-21)?
-9
Let u(n) = -11*n**2 + 273*n + 43. What is u(25)?
-7
Let o(k) = -166*k + 122. Give o(3).
-376
Let q(f) = 2*f**3 + 111*f**2 - 64*f - 445. Give q(-56).
3
Let q(c) = -c**3 + 48*c**2 + 157*c - 195. Determine q(51).
9
Let z(a) = 16*a - 48. Calculate z(6).
48
Let g(o) = 2*o**2 + 19*o + 62. Calculate g(-12).
122
Let h(l) = -181*l**3 - 2*l**2 - 10*l + 9. Determine h(1).
-184
Let j(a) = a**2 - 17*a - 1424. Calculate j(47).
-14
Let c(n) = n**2 - n + 171. Give c(0).
171
Let l(d) = d**2 + 19*d + 29. Determine l(-19).
29
Let a(b) = -306*b + 2446. Give a(8).
-2
Let u(g) = -g**3 - 93*g**2 + 109*g - 7692. Calculate u(-95).
3
Let b(d) = d**3 - 7*d**2 + 4*d - 20. Calculate b(5).
-50
Let c(q) = -197*q + 3139. What is c(16)?
-13
Let y(p) = p**3 - 42*p**2 + 149*p + 100. Calculate y(38).
-14
Let b(x) = -27*x**3 + 110*x**2 - 10*x - 2. Calculate b(4).
-10
Let b(d) = d**3 - 56*d**2 - 115*d - 52. Calculate b(58).
6
Let k(j) = j**3 - 37*j**2 + 139*j - 26. Give k(4).
2
Let f(d) = -d**3 - 22*d**2 + 12*d - 82. What is f(-23)?
171
Let r(k) = k**2 - 24*k. What is r(33)?
297
Let s(z) = z**2 + 103*z + 2400. Give s(-38).
-70
Let o(r) = -r**3 + 32*r**2 + 92*r - 794. Give o(34).
22
Let j(b) = 15*b - 200. Give j(13).
-5
Let m(q) = 5817*q - 11631. Calculate m(2).
3
Let b(q) = 183*q + 18102. Calculate b(-99).
-15
Let j(t) = t**2 - 57*t + 374. Give j(8).
-18
Let v(d) = d**3 - 61*d**2 - 70*d + 492. Give v(62).
-4
Let t(s) = 29*s - 52. What is t(4)?
64
Let q(f) = f**2 - 34*f + 291. What is q(16)?
3
Let d(v) = 204*v - 1819. What is d(9)?
17
Let o(q) = -3*q**2 + 58*q - 41. What is o(19)?
-22
Let j(t) = -33*t - 66. What is j(-2)?
0
Let u(m) = m**3 - 10*m**2 + 3*m - 52. Calculate u(9).
-106
Let x(w) = -158*w - 26